780/14 + 1/(-28)*4.
127
Suppose 4*v + 16 = -3*x, 0*v = -v - x - 5. Let r be (-1)/(2 + v) + 4. Suppose -5*i + d = -3*d - 180, 111 = 3*i - r*d. What are the prime factors of i?
2
Suppose -20 = -3*l - 8. Suppose l = m - 1. Let s(k) = -k**3 + 5*k**2 + 2*k - 4. List the prime factors of s(m).
2, 3
Let x(f) = -f**3 - 2*f**2 + 2*f + 3. Let c be x(0). Suppose -q - 249 = -5*r + 2*q, 0 = -4*r - c*q + 183. What are the prime factors of r?
2, 3
Let p(l) be the third derivative of 59*l**5/15 - l**4/12 - l**3/6 + 12*l**2. Let r be p(-1). Suppose 2*g - r = -g. List the prime factors of g.
79
Suppose 12*y + 36 = 16*y. List the prime factors of (y/(-6) - 1/(-2))*-195.
3, 5, 13
Suppose -4*v = 4*l - 1832, -3*v + 733 + 1103 = 4*l. List the prime factors of l.
2, 3, 7, 11
Let k(w) = -13*w + 793. List the prime factors of k(0).
13, 61
Suppose 0 = -2*j + v - 1, 3*j = 2*j - 3*v + 3. Suppose -3*q - 2*q = 3*l + 358, j = -5*q + 4*l - 386. Let f = q + 132. What are the prime factors of f?
2, 29
Let h = 52 - 42. Suppose -h*r + 132 = -388. List the prime factors of r.
2, 13
Let l(g) = 81*g**3 + g + 3. List the prime factors of l(2).
653
Suppose -4*f = 4*n + 9 + 15, -n = 0. Let a = f - -99. List the prime factors of a.
3, 31
Let c = 2 - 6. Let p(o) = o**3 + 3*o**2 - 2*o + 3. Let j be p(c). Let t = 14 + j. What are the prime factors of t?
3
Let m(k) = -2*k + 2. Let j be m(1). Suppose -5*v + 4*q + 4 = 0, -v + 0*v - 2*q - 2 = j. Suppose -14 = -v*l - l. List the prime factors of l.
2, 7
Suppose 53*z - 55*z - 4*y + 3486 = 0, -5*y = -25. What are the prime factors of z?
1733
Suppose -j = -3 - 16. Let s = j + 1. Suppose -5*k + 62 = -3*m, -4*k - 5*m + s = -0*k. What are the prime factors of k?
2, 5
Let f(q) = 2*q**2 - 4*q + 4. Let y(d) = -d**3 + 11*d**2 - 8*d - 14. Let c be y(10). Suppose 0*r - c = -3*r. List the prime factors of f(r).
2
Let t(k) = 22*k + 18. Let g be 18/4*(60/(-9))/(-5). List the prime factors of t(g).
2, 3, 5
Let u(c) = -2659*c**3 + 23*c**2 + 21*c - 2. What are the prime factors of u(-1)?
2659
What are the prime factors of (-4236 + 9)/(-3) + -3?
2, 19, 37
Let h(f) = 5*f**2 + 37*f + 63. Let y(n) = -11*n**2 - 75*n - 125. Let d(a) = 13*h(a) + 6*y(a). List the prime factors of d(24).
3, 79
Suppose -21*b + 9*b = -3468. What are the prime factors of b?
17
Suppose -z - 2349 = -10*z. What are the prime factors of z?
3, 29
Let c be 108/9 + -1 + -1. Let q = 12 - c. Suppose -3*p + k + 10 = -q*p, -k - 5 = 0. List the prime factors of p.
5
Suppose -5*z + 48 + 15 = 2*t, z - 30 = -t. Suppose t*r = 31*r. Suppose r = -5*n - n + 258. What are the prime factors of n?
43
Suppose 5*k = 3*m + 1458, -1465 = -5*k - 3*m + 17. Suppose 0*p - 4 = -4*l + 2*p, 5*l + p = -2. Suppose l = n + 6*n - k. List the prime factors of n.
2, 3, 7
Let j(d) = 4 + 5*d - 8*d + 29*d + 0. What are the prime factors of j(2)?
2, 7
Suppose 6*z = 4*z - 124. Let o = z - -120. List the prime factors of o.
2, 29
Suppose 0 = 3*s - 0*m - 3*m + 36, -5*s - 4*m - 51 = 0. Suppose 2*d - 17 = -53. Let w = s - d. List the prime factors of w.
7
Let w be (14/(-2))/(3 + -4). Suppose -4*a + 16 = -i, 2*a + 3*a + i = 11. Suppose -a*l - 67 = -w*l + 3*d, 3*d - 29 = -2*l. What are the prime factors of l?
2
Let a be 205/((4 - 4) + -1). Let u be ((-32)/(-20))/((-2)/a). Suppose 3*x - u = -32. List the prime factors of x.
2, 11
Let a(g) = 112*g + 80. Let p be a(8). Suppose -4*u - 12 = -0*u, 0 = -4*s + 4*u + p. What are the prime factors of s?
241
Let s = 2858 + -772. What are the prime factors of s?
2, 7, 149
What are the prime factors of (57393/(-6 - 1))/((-9)/6)?
2, 3, 911
Suppose -121 = 5*n - 786. Let f = n - 62. List the prime factors of f.
71
Let t = 692 + -69. What are the prime factors of t?
7, 89
Suppose 4*z - 264 = -5*p + p, 0 = 3*p + 4*z - 201. Suppose 0 = 2*y - 481 + p. List the prime factors of y.
11, 19
Let q(b) = -2*b**3 - 9*b**2 - 5*b - 3. Let l be q(-4). List the prime factors of (55 - 35)*(0/l + 1).
2, 5
Let y be (-7 + 3)*(-5460)/8. Suppose 9*d + 4*d - y = 0. What are the prime factors of d?
2, 3, 5, 7
Let k = -865 - -1427. What are the prime factors of k?
2, 281
Let j = 78 - 20. Let p = j + 98. List the prime factors of p.
2, 3, 13
Let m = 28 + -13. Let t = m - 14. List the prime factors of -1*(-3 - (1 + t)).
5
Suppose -5*i - h + 371 = -2209, 5*h - 2085 = -4*i. What are the prime factors of i?
5, 103
Suppose 2*c + 6 = 5*d + 17, 2*d = -2. What are the prime factors of -4 + c + 95 + 2?
2, 3
Suppose 10*w - 9*w = 3. Suppose 5*p = 5*v + 40, 0 = -w*p + 2*p - 3*v - 4. Suppose 12 - 44 = -4*h - 4*g, -p*g - 40 = -3*h. What are the prime factors of h?
2, 5
Let o be 19 + (0 - -1)*-3. Let l = -11 + o. Suppose -l*g = -10*g + 75. List the prime factors of g.
3, 5
Suppose 3*f - f = 8. Suppose -23 = f*k - 5*x, 4*k = 2*x - 0*x - 38. List the prime factors of 124/3 - 8/k.
2, 3, 7
Let x be -5*4/8*2. What are the prime factors of -2*(22/(-4))/(x/(-55))?
11
Let i(l) = l**3 + 3*l**2 + l - 1. Let a be i(-1). Suppose -3*t - 5*r + 156 = 0, -3*r + a*r - 180 = -3*t. List the prime factors of t.
3, 19
Let c = -197 - -6. Let p = c + 345. List the prime factors of p.
2, 7, 11
Suppose 0 = -3*q + 4*q - 36. Suppose 2*r - 6*r = -y - 27, 4*r - 4*y - q = 0. Suppose 0 = r*b - b - 10. What are the prime factors of b?
2
Let x(j) = 37*j**2 - 2*j + 15. What are the prime factors of x(-5)?
2, 5, 19
Let d(v) = 10*v - 5. Let w be d(2). Let m be (0 - 3/(-9))*w. Let f = 19 + m. What are the prime factors of f?
2, 3
Suppose -5*j = -3*c - 11 - 6, -5*c = 20. List the prime factors of ((j - 7)/(-12))/(2/372).
3, 31
Let k be (3 + 12/(-16))*4. Let g = 15 - k. What are the prime factors of 52/g*9/2?
3, 13
Let y(b) = 7*b**2 + 11*b + 78. What are the prime factors of y(13)?
2, 3, 13
Let k = -16 - -20. Suppose -5*d + k*d = 0. Suppose d = 4*t + 14 - 254. What are the prime factors of t?
2, 3, 5
Suppose 2*z - 10*z + 8216 = 0. Suppose -z = -5*x + 58. List the prime factors of x.
7, 31
Let b be (40/5 - 4) + 129. Let d = b - 52. List the prime factors of d.
3
Suppose -d + 3*k + 316 = 0, -4*d - 3*k + 312 + 982 = 0. List the prime factors of d.
2, 7, 23
Suppose -r + 3 = -j, 4*j = -5*r + 6*j + 9. Let k be -2 - (0 + 66)/(-2). What are the prime factors of (k - r)*(-1)/(-2)?
3, 5
Suppose r - 728 = -2*l, -8*l = -3*l - r - 1820. List the prime factors of l.
2, 7, 13
Suppose y + 10*y = 2090. Suppose 2*p + 23 = -5*g + 218, 2*p + 4*g - y = 0. What are the prime factors of p?
5, 17
Suppose 2*k = 4*g + 90, 0*k + 4*k - 165 = 5*g. List the prime factors of k.
5, 7
Let t be (-2 - -90) + -2*1. Let u be 2/5*(-50)/(-4). Suppose i = u*g + 38, -4*i + 114 = 4*g - t. List the prime factors of i.
2, 3
Let g be 5/2 + 3/(-6). Suppose 6 = -g*q - 4*i, 0*i - 5*i = -3*q - 53. Let t = 18 + q. What are the prime factors of t?
7
Suppose -4*u + 59*i = 63*i - 1644, -5*u = -i - 2049. What are the prime factors of u?
2, 5, 41
Let l = -2727 - -3819. What are the prime factors of l?
2, 3, 7, 13
Suppose 5*n + b = 6*b - 5, 3*n = 5*b - 13. Let q(u) = -u + 6. Let v be q(n). Suppose -v*a - a = 4*k - 4, -k - 4*a = 12. What are the prime factors of k?
2
Let j(a) be the third derivative of -a**6/120 - a**4/24 - a**2. Let z be j(0). Suppose z = 5*u + 25, -5*p - 3*u + 30 = -0. What are the prime factors of p?
3
Suppose -3*l = 4*c + c + 21, -5*c = 15. Let b(v) = -51*v - 9. List the prime factors of b(l).
3, 31
Let y = 449 + 2698. List the prime factors of y.
3, 1049
Let o be 1 + 1673/5 - 22/(-55). List the prime factors of (18/10)/(-3) - o/(-10).
3, 11
List the prime factors of 930/(14/(-4) - -5).
2, 5, 31
Let m be 2/(-3)*(-4 - 2). Suppose 0 = -m*k + 8, -5*p - 7 + 31 = -3*k. Suppose 0 = j - p*j + 130. What are the prime factors of j?
2, 13
Let g = 267 - 139. List the prime factors of g.
2
Suppose 0 = -63*b + 64*b - 1069. List the prime factors of b.
1069
Suppose 2*z + 2*g - 766 = 0, 738 = 2*z - g - 4*g. Suppose -u - l + z = 4*u, u - 4*l - 80 = 0. List the prime factors of u.
2, 19
Suppose 3*h = -4*g - g - 1356, -2*h - 2*g = 900. What are the prime factors of 0 + 3/(-12) + h/(-12)?
37
Suppose -13*m + 17*m = 4*x - 4548, -2*x = 2*m - 2266. List the prime factors of x.
5, 227
Let d = 48 - 44. Suppose -7*b + 4*q + 389 = -2*b, -d*b + 344 = 5*q. List the prime factors of b.
3
Let t(p) = -58*p - 5. Let y be t(-3). Suppose -22 + y = 